{"id":93,"date":"2015-07-11T19:39:29","date_gmt":"2015-07-11T23:39:29","guid":{"rendered":"http:\/\/jeanpaulsimard.com\/wp\/?page_id=93"},"modified":"2015-12-11T14:58:25","modified_gmt":"2015-12-11T19:58:25","slug":"la-concentration-creatrice","status":"publish","type":"page","link":"https:\/\/jeanpaulsimard.com\/index.php\/sample-page\/la-concentration-creatrice\/","title":{"rendered":"La concentration cr\u00e9atrice"},"content":{"rendered":"<h2><strong><a href=\"https:\/\/i2.wp.com\/jeanpaulsimard.com\/wp\/wp-content\/uploads\/2015\/07\/ConcentrationCreatricepsd2-e1436989345160.jpg\"><img loading=\"lazy\" class=\"alignleft size-medium wp-image-222\" src=\"https:\/\/i1.wp.com\/jeanpaulsimard.com\/wp\/wp-content\/uploads\/2015\/07\/ConcentrationCreatricepsd2-e1436989322192-192x300.jpg?resize=192%2C300\" alt=\"ConcentrationCreatricepsd2\" width=\"192\" height=\"300\" data-recalc-dims=\"1\" \/><\/a><span style=\"color: #ff9900;\">Un ouvrage de RESSOURCEMENT. Un RETOUR AUX SOURCES<\/span><\/strong><\/h2>\n<h3><span style=\"color: #99ccff;\"><strong>\u00a0<\/strong><strong>La psychologie moderne a confirm\u00e9 les possibilit\u00e9s presque sans limites de l&rsquo;esprit et du corps lorsque toutes leurs forces se concentrent en un seul point : soi-m\u00eame, un sentiment, une id\u00e9e, un id\u00e9al. Les sages orientaux ont pour leur part fait de la concentration et de la m\u00e9ditation la base m\u00eame de toute exp\u00e9rience physique, spirituelle et mystique. Ces techniques d&rsquo;\u00e9panouissement personnel ne n\u00e9cessitent ni connaissance pr\u00e9alable ni investissement. Elles sont un don de la nature, un don des dieux aux humains en qu\u00eate d&rsquo;\u00e9quilibre et d&rsquo;harmonie. L&rsquo;auteur du pr\u00e9sent ouvrage propose une m\u00e9thode permettant d&rsquo;exploiter l&rsquo;in\u00e9puisable source d&rsquo;\u00e9nergie qui se trouve en chacun de nous. Vous apprendrez \u00e0 exercer les pouvoirs cr\u00e9ateurs de votre esprit, \u00e0 bannir les influences n\u00e9gatives et \u00e0 concr\u00e9tiser vos projets. Transformez votre vie en suivant les r\u00e8gles \u00e9l\u00e9mentaires d&rsquo;hygi\u00e8ne mentale et physique. Elles vous conduiront vers le plein \u00e9panouissement de votre personnalit\u00e9.<\/strong><\/span><\/h3>\n<h3><span style=\"color: #00ff00;\"><a style=\"color: #00ff00;\" href=\"http:\/\/www.decitre.fr\/livres\/la-concentration-creatrice-9782761914581.html\"><strong>http:\/\/www.decitre.fr\/livres\/la-concentration-creatrice-9782761914581.html<\/strong><\/a><\/span><\/h3>\n<div class=\"sharedaddy sd-sharing-enabled\"><div class=\"robots-nocontent sd-block sd-social sd-social-icon-text sd-sharing\"><h3 class=\"sd-title\">Partager\u00a0:<\/h3><div class=\"sd-content\"><ul><li class=\"share-facebook\"><a rel=\"nofollow noopener noreferrer\" data-shared=\"sharing-facebook-93\" class=\"share-facebook sd-button share-icon\" href=\"https:\/\/jeanpaulsimard.com\/index.php\/sample-page\/la-concentration-creatrice\/?share=facebook\" target=\"_blank\" title=\"Cliquez pour partager sur Facebook\"><span>Facebook<\/span><\/a><\/li><li class=\"share-twitter\"><a rel=\"nofollow noopener noreferrer\" data-shared=\"sharing-twitter-93\" class=\"share-twitter sd-button share-icon\" href=\"https:\/\/jeanpaulsimard.com\/index.php\/sample-page\/la-concentration-creatrice\/?share=twitter\" target=\"_blank\" title=\"Cliquez pour partager sur Twitter\"><span>Twitter<\/span><\/a><\/li><li class=\"share-linkedin\"><a rel=\"nofollow noopener noreferrer\" data-shared=\"sharing-linkedin-93\" class=\"share-linkedin sd-button share-icon\" href=\"https:\/\/jeanpaulsimard.com\/index.php\/sample-page\/la-concentration-creatrice\/?share=linkedin\" target=\"_blank\" title=\"Cliquez pour partager sur LinkedIn\"><span>LinkedIn<\/span><\/a><\/li><li class=\"share-pinterest\"><a rel=\"nofollow noopener noreferrer\" data-shared=\"sharing-pinterest-93\" class=\"share-pinterest sd-button share-icon\" href=\"https:\/\/jeanpaulsimard.com\/index.php\/sample-page\/la-concentration-creatrice\/?share=pinterest\" target=\"_blank\" title=\"Cliquez pour partager sur Pinterest\"><span>Pinterest<\/span><\/a><\/li><li class=\"share-email\"><a rel=\"nofollow noopener noreferrer\" data-shared=\"\" class=\"share-email sd-button share-icon\" href=\"https:\/\/jeanpaulsimard.com\/index.php\/sample-page\/la-concentration-creatrice\/?share=email\" target=\"_blank\" title=\"Cliquez pour envoyer par e-mail \u00e0 un ami\"><span>E-mail<\/span><\/a><\/li><li class=\"share-print\"><a rel=\"nofollow noopener noreferrer\" data-shared=\"\" class=\"share-print sd-button share-icon\" href=\"https:\/\/jeanpaulsimard.com\/index.php\/sample-page\/la-concentration-creatrice\/\" target=\"_blank\" title=\"Cliquer pour imprimer\"><span>Imprimer<\/span><\/a><\/li><li class=\"share-end\"><\/li><\/ul><\/div><\/div><\/div>","protected":false},"excerpt":{"rendered":"<p>Un ouvrage de RESSOURCEMENT. Un RETOUR AUX SOURCES \u00a0La psychologie moderne a confirm\u00e9 les possibilit\u00e9s presque sans limites de l&rsquo;esprit et du corps lorsque toutes leurs forces se concentrent en un seul point : soi-m\u00eame, un sentiment, une id\u00e9e, un id\u00e9al. Les sages orientaux ont pour leur part fait de la concentration et de la [&hellip;]<\/p>\n<div class=\"sharedaddy sd-sharing-enabled\"><div class=\"robots-nocontent sd-block sd-social sd-social-icon-text sd-sharing\"><h3 class=\"sd-title\">Partager\u00a0:<\/h3><div class=\"sd-content\"><ul><li class=\"share-facebook\"><a rel=\"nofollow noopener noreferrer\" data-shared=\"sharing-facebook-93\" class=\"share-facebook sd-button share-icon\" href=\"https:\/\/jeanpaulsimard.com\/index.php\/sample-page\/la-concentration-creatrice\/?share=facebook\" target=\"_blank\" title=\"Cliquez pour partager sur Facebook\"><span>Facebook<\/span><\/a><\/li><li class=\"share-twitter\"><a rel=\"nofollow noopener noreferrer\" data-shared=\"sharing-twitter-93\" class=\"share-twitter sd-button share-icon\" href=\"https:\/\/jeanpaulsimard.com\/index.php\/sample-page\/la-concentration-creatrice\/?share=twitter\" target=\"_blank\" title=\"Cliquez pour partager sur Twitter\"><span>Twitter<\/span><\/a><\/li><li class=\"share-linkedin\"><a rel=\"nofollow noopener noreferrer\" data-shared=\"sharing-linkedin-93\" class=\"share-linkedin sd-button share-icon\" href=\"https:\/\/jeanpaulsimard.com\/index.php\/sample-page\/la-concentration-creatrice\/?share=linkedin\" target=\"_blank\" title=\"Cliquez pour partager sur LinkedIn\"><span>LinkedIn<\/span><\/a><\/li><li class=\"share-pinterest\"><a rel=\"nofollow noopener noreferrer\" data-shared=\"sharing-pinterest-93\" class=\"share-pinterest sd-button share-icon\" href=\"https:\/\/jeanpaulsimard.com\/index.php\/sample-page\/la-concentration-creatrice\/?share=pinterest\" target=\"_blank\" title=\"Cliquez pour partager sur Pinterest\"><span>Pinterest<\/span><\/a><\/li><li class=\"share-email\"><a rel=\"nofollow noopener noreferrer\" data-shared=\"\" class=\"share-email sd-button share-icon\" href=\"https:\/\/jeanpaulsimard.com\/index.php\/sample-page\/la-concentration-creatrice\/?share=email\" target=\"_blank\" title=\"Cliquez pour envoyer par e-mail \u00e0 un ami\"><span>E-mail<\/span><\/a><\/li><li class=\"share-print\"><a rel=\"nofollow noopener noreferrer\" data-shared=\"\" class=\"share-print sd-button share-icon\" href=\"https:\/\/jeanpaulsimard.com\/index.php\/sample-page\/la-concentration-creatrice\/\" target=\"_blank\" title=\"Cliquer pour imprimer\"><span>Imprimer<\/span><\/a><\/li><li class=\"share-end\"><\/li><\/ul><\/div><\/div><\/div>","protected":false},"author":1,"featured_media":0,"parent":2,"menu_order":10,"comment_status":"closed","ping_status":"closed","template":"","meta":{"spay_email":""},"jetpack_sharing_enabled":true,"jetpack_shortlink":"https:\/\/wp.me\/P6sIY6-1v","jetpack-related-posts":[{"id":85,"url":"https:\/\/jeanpaulsimard.com\/index.php\/sample-page\/pelerinage-aux-sources-de-la-vie\/","url_meta":{"origin":93,"position":0},"title":"P\u00e8lerinage aux sources de la vie","date":"11 juillet 2015","format":false,"excerpt":"Y a-t-il plus beau p\u00e8lerinage que de remonter \u00e0 la source de son \u00eatre et de la vie ? \u00a0 NOUS CONNAISSONS les p\u00e8lerinages vers les lieux saints, mais connaissons-nous celui qui m\u00e8ne vers nos propres sources int\u00e9rieures, d'origine \u00e0 la fois biologique et spirituelle ? Leur mise en veilleuse\u2026","rel":"","context":"Article similaire","img":{"alt_text":"","src":"https:\/\/i2.wp.com\/jeanpaulsimard.com\/wp\/wp-content\/uploads\/2015\/07\/PelerinageAuxSources-200x300.jpg?resize=350%2C200","width":350,"height":200},"classes":[]},{"id":19,"url":"https:\/\/jeanpaulsimard.com\/","url_meta":{"origin":93,"position":1},"title":"Trouvez ici ce que vous cherchez","date":"10 juillet 2015","format":false,"excerpt":"\"Pour son accomplissement, l'homme n'a pas besoin de perfection mais de pl\u00e9nitude. \" (Carl Jung) Nouveaut\u00e9 E N\u00a0 L I B R A I R I E\u00a0 Ce livre propose des m\u00e9thodes pour se lib\u00e9rer des pens\u00e9es envahissantes, n\u00e9gatives ou toxiques qui perturbent la paix int\u00e9rieure. Il aide \u00e0 reconna\u00eetre,\u2026","rel":"","context":"Article similaire","img":{"alt_text":"","src":"https:\/\/i0.wp.com\/jeanpaulsimard.com\/wp-content\/uploads\/2025\/10\/3484003c-2c7c-466a-b252-8def88ede4b9.jpg?resize=350%2C200","width":350,"height":200},"classes":[]},{"id":50,"url":"https:\/\/jeanpaulsimard.com\/index.php\/sample-page\/renaitre-des-pertes-de-la-vie\/","url_meta":{"origin":93,"position":2},"title":"Rena\u00eetre des pertes de la vie","date":"11 juillet 2015","format":false,"excerpt":"UN LIVRE QUI CHANGERA VOTRE VIE... ! CE LIVRE n'est pas uniquement destin\u00e9 aux personnes concern\u00e9es par un deuil, mais bien davantage \u00e0 celles qui connaissent des \u00e9preuves de toutes sortes dans la vie\u2026 TOUTE PERSONNE conna\u00eet un jour la souffrance, les deuils, l\u2019\u00e9chec, le malheur. Pourtant, chaque perte ou\u2026","rel":"","context":"Article similaire","img":{"alt_text":"","src":"","width":0,"height":0},"classes":[]},{"id":95,"url":"https:\/\/jeanpaulsimard.com\/index.php\/sample-page\/guide-du-savoir-ecrire\/","url_meta":{"origin":93,"position":3},"title":"Guide du savoir-\u00e9crire","date":"11 juillet 2015","format":false,"excerpt":"Guide du savoir-\u00e9crire Un ouvrage COMPLET et AUTODIDACTIQUE sur l\u2019art d\u2019\u00e9crire comprenant de nombreux EXEMPLES, EXERCICES et CORRIG\u00c9S. Utilis\u00e9 par toutes les INSTITUTIONS (\u00e9coles secondaires, c\u00e9geps, universit\u00e9s). Tr\u00e8s utile pour la maison\u2026 \u00a0 \u00a0FICHE TECHNIQUE DU LIVRE : http:\/\/www.editions-homme.com\/guide-savoir-ecrire\/jean-paul-simard\/livre\/9782761920667 R\u00e9sum\u00e9 de la carri\u00e8re de l\u2019auteur JEAN-PAUL SIMARD a termin\u00e9 une\u2026","rel":"","context":"Article similaire","img":{"alt_text":"","src":"","width":0,"height":0},"classes":[]},{"id":89,"url":"https:\/\/jeanpaulsimard.com\/index.php\/sample-page\/ephata-la-spiritualite-du-coeur\/","url_meta":{"origin":93,"position":4},"title":"EPHATA - La spiritualit\u00e9 du coeur","date":"11 juillet 2015","format":false,"excerpt":"LA SPIRITUALIT\u00c9 DE L'AVENIR SERA-T-ELLE CELLE DU C\u0152UR ? LONGTEMPS LE\u00a0C\u0152UR\u00a0 a \u00e9t\u00e9 n\u00e9glig\u00e9 en spiritualit\u00e9. En anthropologie, le c\u0153ur, c'est la profondeur, le centre. En\u00a0th\u00e9ologie patristique, le c\u0153ur, c'est le lieu de l'int\u00e9riorit\u00e9 et de l'exp\u00e9rience spirituelle et religieuse. C'est le \u00ab lieu de Dieu \u00bb, l'instance qui rend\u2026","rel":"","context":"Article similaire","img":{"alt_text":"","src":"https:\/\/i0.wp.com\/jeanpaulsimard.com\/wp\/wp-content\/uploads\/2015\/07\/Ephata-200x300.jpg?resize=350%2C200","width":350,"height":200},"classes":[]},{"id":17,"url":"https:\/\/jeanpaulsimard.com\/index.php\/lauteur\/","url_meta":{"origin":93,"position":5},"title":"L'auteur","date":"10 juillet 2015","format":false,"excerpt":"TITRES : \u00c9CRIVAIN, CONF\u00c9RENCIER et TH\u00c9OLOGIEN sp\u00e9cialis\u00e9 en ANTHROPOLOGIE SPIRITUELLE JEAN-PAUL SIMARD d\u00e9tient un dipl\u00f4me universitaire de 3e cycle (niveau du doctorat) en anthropologie spirituelle et th\u00e9ologie (Universit\u00e9 de Sherbrooke). Il s'int\u00e9resse particuli\u00e8rement \u00e0 la personne dans son questionnement int\u00e9rieur, dans sa recherche de r\u00e9ponses aux grandes questions existentielles portant\u2026","rel":"","context":"Avec 5 commentaires","img":{"alt_text":"","src":"https:\/\/i1.wp.com\/jeanpaulsimard.com\/wp-content\/uploads\/2015\/10\/image-FB-1.png?fit=470%2C249&ssl=1&resize=350%2C200","width":350,"height":200},"classes":[]}],"_links":{"self":[{"href":"https:\/\/jeanpaulsimard.com\/index.php\/wp-json\/wp\/v2\/pages\/93"}],"collection":[{"href":"https:\/\/jeanpaulsimard.com\/index.php\/wp-json\/wp\/v2\/pages"}],"about":[{"href":"https:\/\/jeanpaulsimard.com\/index.php\/wp-json\/wp\/v2\/types\/page"}],"author":[{"embeddable":true,"href":"https:\/\/jeanpaulsimard.com\/index.php\/wp-json\/wp\/v2\/users\/1"}],"replies":[{"embeddable":true,"href":"https:\/\/jeanpaulsimard.com\/index.php\/wp-json\/wp\/v2\/comments?post=93"}],"version-history":[{"count":6,"href":"https:\/\/jeanpaulsimard.com\/index.php\/wp-json\/wp\/v2\/pages\/93\/revisions"}],"predecessor-version":[{"id":2136,"href":"https:\/\/jeanpaulsimard.com\/index.php\/wp-json\/wp\/v2\/pages\/93\/revisions\/2136"}],"up":[{"embeddable":true,"href":"https:\/\/jeanpaulsimard.com\/index.php\/wp-json\/wp\/v2\/pages\/2"}],"wp:attachment":[{"href":"https:\/\/jeanpaulsimard.com\/index.php\/wp-json\/wp\/v2\/media?parent=93"}],"curies":[{"name":"wp","href":"https:\/\/api.w.org\/{rel}","templated":true}]}}