{"id":56,"date":"2015-07-11T10:07:19","date_gmt":"2015-07-11T14:07:19","guid":{"rendered":"http:\/\/jeanpaulsimard.com\/wp\/?page_id=56"},"modified":"2021-09-29T13:40:33","modified_gmt":"2021-09-29T17:40:33","slug":"lautre-voie-de-guerison","status":"publish","type":"page","link":"https:\/\/jeanpaulsimard.com\/index.php\/sample-page\/lautre-voie-de-guerison\/","title":{"rendered":"L&rsquo;autre voie de gu\u00e9rison"},"content":{"rendered":"<h2><strong><a href=\"https:\/\/i1.wp.com\/jeanpaulsimard.com\/wp\/wp-content\/uploads\/2015\/07\/Lautre-voie.jpg\"><img loading=\"lazy\" class=\"alignleft size-medium wp-image-40\" src=\"https:\/\/i2.wp.com\/jeanpaulsimard.com\/wp\/wp-content\/uploads\/2015\/07\/Lautre-voie-195x300.jpg?resize=195%2C300\" alt=\"Lautre voie\" width=\"195\" height=\"300\" data-recalc-dims=\"1\" \/><\/a><span style=\"color: #ff9900;\">CONNAISSEZ-VOUS LA M\u00c9DECINE DU SENS?<\/span><\/strong><\/h2>\n<h2><span style=\"color: #00ff00;\"><strong><em>\u00a0 \u00a0 \u00a0 \u00a0 \u00a0 \u00a0 \u00a0 \u00a0 \u00a0 \u00a0 \u00a0 \u00a0\u00abJe veux vivre!\u00bb \u00a0<\/em><\/strong><\/span><\/h2>\n<h2 style=\"text-align: justify;\"><span style=\"color: #99ccff;\">COMBIEN DE FOIS ce cri peut-il sortir du c\u0153ur humain dans une vie? Combien de fois le m\u00e9decin ne l\u2019entend-il pas dans l\u2019intimit\u00e9 de son cabinet ou \u00e9manant d\u2019un lit d\u2019h\u00f4pital? Dans la souffrance et dans la maladie, nous nous adressons spontan\u00e9ment au m\u00e9decin et nous faisons confiance aux m\u00e9dicaments. Mais qu&rsquo;arrive-t-il quand cela ne fonctionne plus? Il y a beaucoup de souffrances contre lesquelles la m\u00e9decine ne peut rien.<\/span><\/h2>\n<hr \/>\n<h2><span style=\"color: #ff6600;\">VOICI UN APER\u00c7U DU LIVRE :<\/span><\/h2>\n<h2><span style=\"color: #99ccff;\">\u2660 Voici le lien de la fiche technique du livre :<\/span><\/h2>\n<h2><a href=\"http:\/\/www.edjour.com\/autre-voie-guerison-Voir-au-dela-souffrance-maladie\/Jean-Paul-Simard\/livre\/9782890448308\">http:\/\/www.edjour.com\/autre-voie-guerison-Voir-au-dela-souffrance-maladie\/Jean-Paul-Simard\/livre\/9782890448308<\/a><\/h2>\n<h2><span style=\"color: #99ccff;\">. Le livre existe aussi en format num\u00e9rique.<\/span><\/h2>\n<hr \/>\n<h2>\u00a0<strong><em><span style=\"color: #00ff00;\">N&rsquo;y a-t-il pas une \u00abautre\u00bb voie de gu\u00e9rison ?\u00a0<\/span>\u00a0<\/em><\/strong><\/h2>\n<h2 style=\"text-align: justify;\"><span style=\"color: #99ccff;\">\u00c0 UN MOMENT O\u00d9 LES URGENCES d\u00e9bordent et que la course aux m\u00e9dicaments atteint un seuil critique, ne devrions-nous pas nous poser la question: n&rsquo;y a-t-il pas une \u00abautre\u00bb voie de gu\u00e9rison? Combien ont gu\u00e9ri en faisant appel au \u00abpouvoir gu\u00e9risseur\u00bb, naturel et intelligent\u00a0du corps humain? Combien ont gu\u00e9ri en renversant les pronostics de leur m\u00e9decin, en utilisant une d\u00e9marche parall\u00e8le aux traitements m\u00e9dicaux? Le pr\u00e9sent volume se veut une d\u00e9marche de motivation \u00e0 la sant\u00e9 et \u00e0 la gu\u00e9rison. Il ne remplace aucunement l&rsquo;approche m\u00e9dicale, mais il repr\u00e9sente une importante valeur \u00abajout\u00e9e\u00bb \u00e0 la m\u00e9decine.<\/span><\/h2>\n<h2 style=\"text-align: justify;\"><span style=\"color: #99ccff;\">DIVERSES APPROCHES TH\u00c9RAPEUTIQUE abordent aujourd\u2019hui la sant\u00e9\u202fdans sa globalit\u00e9: celle du corps, du c\u0153ur et de l\u2019\u00e2me. Remettant au premier plan les dimensions psychologique et spirituelles du mieux-\u00eatre, l\u2019auteur nous redonne foi envers le \u00abpouvoir gu\u00e9risseur\u00bb intelligent du corps humain. Il nous propose de nombreux outils pour r\u00e9g\u00e9n\u00e9rer notre sant\u00e9 tout naturellement ainsi que des pistes de r\u00e9flexion pour changer notre regard face aux \u00e9preuves. <\/span><\/h2>\n<h2 style=\"text-align: justify;\"><span style=\"color: #99ccff;\"><span style=\"color: #ccffcc;\"><i>On sort de cette lecture habit\u00e9 par une nouvelle confiance en notre<\/i><i> force int\u00e9rieure et avec l\u2019envie de croire en la vie, d\u2019abord et avant tout.<\/i><\/span><\/span><\/h2>\n<hr \/>\n<h3 style=\"text-align: justify;\"><\/h3>\n<h2><span style=\"color: #ffcc00;\">POUR ALLER PLUS LOIN :<\/span><\/h2>\n<h2><em><span style=\"color: #00ffff;\"><a style=\"color: #00ffff;\" href=\"http:\/\/jeanpaulsimard.com\/index.php\/sample-page\/avez-vous-une-trousse-de-premiers-soins-spirituels\/\">http:\/\/jeanpaulsimard.com\/index.php\/sample-page\/avez-vous-une-trousse-de-premiers-soins-spirituels\/<\/a><\/span><\/em><\/h2>\n<h2><span style=\"color: #99cc00;\"><em><a style=\"color: #99cc00;\" href=\"http:\/\/www.edjour.com\/autre-voie-guerison-Voir-au-dela-souffrance-maladie\/Jean-Paul-Simard\/livre\/9782890448308\"><strong>http:\/\/www.edjour.com\/autre-voie-guerison-Voir-au-dela-souffrance-maladie\/Jean-Paul-Simard\/livre\/9782890448308<\/strong><\/a><\/em><\/span><\/h2>\n<h3><\/h3>\n<p><a href=\"https:\/\/i1.wp.com\/jeanpaulsimard.com\/wp-content\/uploads\/2015\/12\/colombe-300x143.png\" rel=\"attachment wp-att-2240\"><img loading=\"lazy\" class=\"size-full wp-image-2240 aligncenter\" src=\"https:\/\/i1.wp.com\/jeanpaulsimard.com\/wp-content\/uploads\/2015\/12\/colombe-300x143.png?resize=300%2C143\" alt=\"colombe-300x143\" width=\"300\" height=\"143\" srcset=\"https:\/\/i1.wp.com\/jeanpaulsimard.com\/wp-content\/uploads\/2015\/12\/colombe-300x143.png?resize=300%2C143&amp;ssl=1 300w, https:\/\/i1.wp.com\/jeanpaulsimard.com\/wp-content\/uploads\/2015\/12\/colombe-300x143.png?resize=2%2C1&amp;ssl=1 2w\" sizes=\"(max-width: 300px) 100vw, 300px\" data-recalc-dims=\"1\" \/><\/a><\/p>\n<div class=\"sharedaddy sd-sharing-enabled\"><div class=\"robots-nocontent sd-block sd-social sd-social-icon-text sd-sharing\"><h3 class=\"sd-title\">Partager\u00a0:<\/h3><div class=\"sd-content\"><ul><li class=\"share-facebook\"><a rel=\"nofollow noopener noreferrer\" data-shared=\"sharing-facebook-56\" class=\"share-facebook sd-button share-icon\" href=\"https:\/\/jeanpaulsimard.com\/index.php\/sample-page\/lautre-voie-de-guerison\/?share=facebook\" target=\"_blank\" title=\"Cliquez pour partager sur Facebook\"><span>Facebook<\/span><\/a><\/li><li class=\"share-twitter\"><a rel=\"nofollow noopener noreferrer\" data-shared=\"sharing-twitter-56\" class=\"share-twitter sd-button share-icon\" href=\"https:\/\/jeanpaulsimard.com\/index.php\/sample-page\/lautre-voie-de-guerison\/?share=twitter\" target=\"_blank\" title=\"Cliquez pour partager sur Twitter\"><span>Twitter<\/span><\/a><\/li><li class=\"share-linkedin\"><a rel=\"nofollow noopener noreferrer\" data-shared=\"sharing-linkedin-56\" class=\"share-linkedin sd-button share-icon\" href=\"https:\/\/jeanpaulsimard.com\/index.php\/sample-page\/lautre-voie-de-guerison\/?share=linkedin\" target=\"_blank\" title=\"Cliquez pour partager sur LinkedIn\"><span>LinkedIn<\/span><\/a><\/li><li class=\"share-pinterest\"><a rel=\"nofollow noopener noreferrer\" data-shared=\"sharing-pinterest-56\" class=\"share-pinterest sd-button share-icon\" href=\"https:\/\/jeanpaulsimard.com\/index.php\/sample-page\/lautre-voie-de-guerison\/?share=pinterest\" target=\"_blank\" title=\"Cliquez pour partager sur Pinterest\"><span>Pinterest<\/span><\/a><\/li><li class=\"share-email\"><a rel=\"nofollow noopener noreferrer\" data-shared=\"\" class=\"share-email sd-button share-icon\" href=\"https:\/\/jeanpaulsimard.com\/index.php\/sample-page\/lautre-voie-de-guerison\/?share=email\" target=\"_blank\" title=\"Cliquez pour envoyer par e-mail \u00e0 un ami\"><span>E-mail<\/span><\/a><\/li><li class=\"share-print\"><a rel=\"nofollow noopener noreferrer\" data-shared=\"\" class=\"share-print sd-button share-icon\" href=\"https:\/\/jeanpaulsimard.com\/index.php\/sample-page\/lautre-voie-de-guerison\/\" target=\"_blank\" title=\"Cliquer pour imprimer\"><span>Imprimer<\/span><\/a><\/li><li class=\"share-end\"><\/li><\/ul><\/div><\/div><\/div>","protected":false},"excerpt":{"rendered":"<p>CONNAISSEZ-VOUS LA M\u00c9DECINE DU SENS? \u00a0 \u00a0 \u00a0 \u00a0 \u00a0 \u00a0 \u00a0 \u00a0 \u00a0 \u00a0 \u00a0 \u00a0\u00abJe veux vivre!\u00bb \u00a0 COMBIEN DE FOIS ce cri peut-il sortir du c\u0153ur humain dans une vie? Combien de fois le m\u00e9decin ne l\u2019entend-il pas dans l\u2019intimit\u00e9 de son cabinet ou \u00e9manant d\u2019un lit d\u2019h\u00f4pital? Dans la souffrance et [&hellip;]<\/p>\n<div class=\"sharedaddy sd-sharing-enabled\"><div class=\"robots-nocontent sd-block sd-social sd-social-icon-text sd-sharing\"><h3 class=\"sd-title\">Partager\u00a0:<\/h3><div class=\"sd-content\"><ul><li class=\"share-facebook\"><a rel=\"nofollow noopener noreferrer\" data-shared=\"sharing-facebook-56\" class=\"share-facebook sd-button share-icon\" href=\"https:\/\/jeanpaulsimard.com\/index.php\/sample-page\/lautre-voie-de-guerison\/?share=facebook\" target=\"_blank\" title=\"Cliquez pour partager sur Facebook\"><span>Facebook<\/span><\/a><\/li><li class=\"share-twitter\"><a rel=\"nofollow noopener noreferrer\" data-shared=\"sharing-twitter-56\" class=\"share-twitter sd-button share-icon\" href=\"https:\/\/jeanpaulsimard.com\/index.php\/sample-page\/lautre-voie-de-guerison\/?share=twitter\" target=\"_blank\" title=\"Cliquez pour partager sur Twitter\"><span>Twitter<\/span><\/a><\/li><li class=\"share-linkedin\"><a rel=\"nofollow noopener noreferrer\" data-shared=\"sharing-linkedin-56\" class=\"share-linkedin sd-button share-icon\" href=\"https:\/\/jeanpaulsimard.com\/index.php\/sample-page\/lautre-voie-de-guerison\/?share=linkedin\" target=\"_blank\" title=\"Cliquez pour partager sur LinkedIn\"><span>LinkedIn<\/span><\/a><\/li><li class=\"share-pinterest\"><a rel=\"nofollow noopener noreferrer\" data-shared=\"sharing-pinterest-56\" class=\"share-pinterest sd-button share-icon\" href=\"https:\/\/jeanpaulsimard.com\/index.php\/sample-page\/lautre-voie-de-guerison\/?share=pinterest\" target=\"_blank\" title=\"Cliquez pour partager sur Pinterest\"><span>Pinterest<\/span><\/a><\/li><li class=\"share-email\"><a rel=\"nofollow noopener noreferrer\" data-shared=\"\" class=\"share-email sd-button share-icon\" href=\"https:\/\/jeanpaulsimard.com\/index.php\/sample-page\/lautre-voie-de-guerison\/?share=email\" target=\"_blank\" title=\"Cliquez pour envoyer par e-mail \u00e0 un ami\"><span>E-mail<\/span><\/a><\/li><li class=\"share-print\"><a rel=\"nofollow noopener noreferrer\" data-shared=\"\" class=\"share-print sd-button share-icon\" href=\"https:\/\/jeanpaulsimard.com\/index.php\/sample-page\/lautre-voie-de-guerison\/\" target=\"_blank\" title=\"Cliquer pour imprimer\"><span>Imprimer<\/span><\/a><\/li><li class=\"share-end\"><\/li><\/ul><\/div><\/div><\/div>","protected":false},"author":1,"featured_media":0,"parent":2,"menu_order":4,"comment_status":"closed","ping_status":"closed","template":"","meta":{"spay_email":""},"jetpack_sharing_enabled":true,"jetpack_shortlink":"https:\/\/wp.me\/P6sIY6-U","jetpack-related-posts":[{"id":53,"url":"https:\/\/jeanpaulsimard.com\/index.php\/sample-page\/guerir-par-la-foi-lamour-la-priere\/","url_meta":{"origin":56,"position":0},"title":"Gu\u00e9rir par la foi, l'amour, la pri\u00e8re","date":"11 juillet 2015","format":false,"excerpt":"QUELLES SONT LES VALEURS SPIRITUELLES QUI GU\u00c9RISSENT ? UN OUVRAGE SUR L'AGAP\u00c8TH\u00c9RAPIE, M\u00c9DECINE DE L'\u00c2ME ET DU C\u0152UR IL EXISTE UN R\u00c9EL POUVOIR DE GU\u00c9RISON dans le spirituel. Plusieurs exp\u00e9rimentent que la foi en l'amour divin permet d'att\u00e9nuer les peines, de soigner les blessures, de trouver la paix int\u00e9rieure. Ils\u2026","rel":"","context":"Article similaire","img":{"alt_text":"","src":"https:\/\/i2.wp.com\/jeanpaulsimard.com\/wp\/wp-content\/uploads\/2015\/07\/Gu\u00c3\u00a9rir-200x300.jpg?resize=350%2C200","width":350,"height":200},"classes":[]},{"id":83,"url":"https:\/\/jeanpaulsimard.com\/index.php\/sample-page\/que-faire-quand-la-souffrance-et-la-maladie-frappent-a-notre-porte\/","url_meta":{"origin":56,"position":1},"title":"Que faire quand la souffrance et la maladie frappent \u00e0 notre porte ?","date":"11 juillet 2015","format":false,"excerpt":"\u00a0 QUAND LA \u00a0SPIRITUALIT\u00c9 DEVIENT UN ATOUT POUR LA M\u00c9DECINE \u00ab\u00a0Mieux comprendre la souffrance pour mieux la vivre ou mieux l\u2019accompagner.\u00a0\u00a0\u00bb CE LIVRE EST DESTIN\u00c9 aux personnes qui vivent une \u00e9preuve , qui sont malades, souffrantes, \u00e0 la maison, \u00e0 l\u2019h\u00f4pital, dans les centres de soins palliatifs et de longue\u2026","rel":"","context":"Article similaire","img":{"alt_text":"","src":"https:\/\/i1.wp.com\/jeanpaulsimard.com\/wp\/wp-content\/uploads\/2015\/07\/QueFaireQuandLaSouffrance-225x300.jpg?resize=350%2C200","width":350,"height":200},"classes":[]},{"id":85,"url":"https:\/\/jeanpaulsimard.com\/index.php\/sample-page\/pelerinage-aux-sources-de-la-vie\/","url_meta":{"origin":56,"position":2},"title":"P\u00e8lerinage aux sources de la vie","date":"11 juillet 2015","format":false,"excerpt":"Y a-t-il plus beau p\u00e8lerinage que de remonter \u00e0 la source de son \u00eatre et de la vie ? \u00a0 NOUS CONNAISSONS les p\u00e8lerinages vers les lieux saints, mais connaissons-nous celui qui m\u00e8ne vers nos propres sources int\u00e9rieures, d'origine \u00e0 la fois biologique et spirituelle ? Leur mise en veilleuse\u2026","rel":"","context":"Article similaire","img":{"alt_text":"","src":"https:\/\/i2.wp.com\/jeanpaulsimard.com\/wp\/wp-content\/uploads\/2015\/07\/PelerinageAuxSources-200x300.jpg?resize=350%2C200","width":350,"height":200},"classes":[]},{"id":50,"url":"https:\/\/jeanpaulsimard.com\/index.php\/sample-page\/renaitre-des-pertes-de-la-vie\/","url_meta":{"origin":56,"position":3},"title":"Rena\u00eetre des pertes de la vie","date":"11 juillet 2015","format":false,"excerpt":"UN LIVRE QUI CHANGERA VOTRE VIE... ! CE LIVRE n'est pas uniquement destin\u00e9 aux personnes concern\u00e9es par un deuil, mais bien davantage \u00e0 celles qui connaissent des \u00e9preuves de toutes sortes dans la vie\u2026 TOUTE PERSONNE conna\u00eet un jour la souffrance, les deuils, l\u2019\u00e9chec, le malheur. Pourtant, chaque perte ou\u2026","rel":"","context":"Article similaire","img":{"alt_text":"","src":"","width":0,"height":0},"classes":[]},{"id":47,"url":"https:\/\/jeanpaulsimard.com\/index.php\/sample-page\/renouer-avec-dieu\/","url_meta":{"origin":56,"position":4},"title":"Renouer avec Dieu","date":"11 juillet 2015","format":false,"excerpt":"PEUT-ON ALLER \u00c0 DIEU SANS PASSER PAR LA RELIGION Vous n\u2019avez pas le c\u0153ur \u00e0 entrer dans une \u00e9glise, mais vous sentez un appel \u00e0 la spiritualit\u00e9. Vous \u00e9prouvez le besoin d'une vie moins superficielle? Vous voulez combler votre \u00abvide\u00bb int\u00e9rieur? Vous d\u00e9sirez communiquer avec le \u00abnoyau spirituel\u00bb de votre\u2026","rel":"","context":"Article similaire","img":{"alt_text":"","src":"https:\/\/i0.wp.com\/jeanpaulsimard.com\/wp\/wp-content\/uploads\/2015\/07\/Renouer-avec-Dieu-224x300.jpg?resize=350%2C200","width":350,"height":200},"classes":[]},{"id":87,"url":"https:\/\/jeanpaulsimard.com\/index.php\/sample-page\/cette-force-qui-souleve-la-vie\/","url_meta":{"origin":56,"position":5},"title":"Cette force qui soul\u00e8ve la vie !","date":"11 juillet 2015","format":false,"excerpt":"UN BEAU CADEAU \u00c0 FAIRE OU \u00c0 SE FAIRE ! QUELLES SONT LES VALEURS qui permettent de se maintenir dans l'existence quand tout s'effondre autour de soi ? Gr\u00e2ce \u00e0 ces valeurs beaucoup sont sortis de l'enfer de l'alcool, de la drogue, du jeu, du sexolisme. Des personnes atteintes de\u2026","rel":"","context":"Article similaire","img":{"alt_text":"","src":"","width":0,"height":0},"classes":[]}],"_links":{"self":[{"href":"https:\/\/jeanpaulsimard.com\/index.php\/wp-json\/wp\/v2\/pages\/56"}],"collection":[{"href":"https:\/\/jeanpaulsimard.com\/index.php\/wp-json\/wp\/v2\/pages"}],"about":[{"href":"https:\/\/jeanpaulsimard.com\/index.php\/wp-json\/wp\/v2\/types\/page"}],"author":[{"embeddable":true,"href":"https:\/\/jeanpaulsimard.com\/index.php\/wp-json\/wp\/v2\/users\/1"}],"replies":[{"embeddable":true,"href":"https:\/\/jeanpaulsimard.com\/index.php\/wp-json\/wp\/v2\/comments?post=56"}],"version-history":[{"count":49,"href":"https:\/\/jeanpaulsimard.com\/index.php\/wp-json\/wp\/v2\/pages\/56\/revisions"}],"predecessor-version":[{"id":4293,"href":"https:\/\/jeanpaulsimard.com\/index.php\/wp-json\/wp\/v2\/pages\/56\/revisions\/4293"}],"up":[{"embeddable":true,"href":"https:\/\/jeanpaulsimard.com\/index.php\/wp-json\/wp\/v2\/pages\/2"}],"wp:attachment":[{"href":"https:\/\/jeanpaulsimard.com\/index.php\/wp-json\/wp\/v2\/media?parent=56"}],"curies":[{"name":"wp","href":"https:\/\/api.w.org\/{rel}","templated":true}]}}