{"id":4299,"date":"2022-01-18T21:48:48","date_gmt":"2022-01-19T02:48:48","guid":{"rendered":"http:\/\/jeanpaulsimard.com\/?page_id=4299"},"modified":"2022-05-20T11:54:18","modified_gmt":"2022-05-20T15:54:18","slug":"florilege","status":"publish","type":"page","link":"https:\/\/jeanpaulsimard.com\/index.php\/florilege\/","title":{"rendered":"Floril\u00e8ge"},"content":{"rendered":"\n<h2>        <strong><em><span class=\"has-inline-color has-luminous-vivid-amber-color\">BOUILLON DE POULET POUR L&rsquo;\u00c2ME<\/span><\/em><\/strong><\/h2>\n\n\n\n<h2><a href=\"http:\/\/jeanpaulsimard.com\/wp-content\/uploads\/2022\/05\/49-ARTICLE-Les-deux-mantras-de-ma-vie.pdf\">Les deux mantras de ma vie<\/a>   <\/h2>\n\n\n\n<h2><a href=\"http:\/\/jeanpaulsimard.com\/wp-content\/uploads\/2022\/03\/Habiter-le-present-3.pdf\">Habiter le pr\u00e9sent<\/a><\/h2>\n\n\n\n<h2><a href=\"http:\/\/revuemajulie.com\/en-haut-les-coeurs-2\/\">En haut les coeurs !<\/a> <\/h2>\n\n\n\n<h2><a href=\"http:\/\/jeanpaulsimard.com\/wp-content\/uploads\/2022\/02\/Le-repos-dans-lamour-divin-1.pdf\">Le repos dans l&rsquo;amour divin<\/a><\/h2>\n\n\n\n<h2><a href=\"http:\/\/revuemajulie.com\/je-veux-vivre\/\"><span class=\"has-inline-color has-vivid-green-cyan-color\"><strong>J<\/strong>e veux vivre !<\/span><\/a><\/h2>\n\n\n\n<h2><a href=\"http:\/\/jeanpaulsimard.com\/wp-content\/uploads\/2022\/05\/53-ARTICLE-Ma-priere-pour-lacher-prise.pdf\">Ma pri\u00e8re pour l\u00e2cher prise<\/a><\/h2>\n\n\n\n<h2><a href=\"http:\/\/jeanpaulsimard.com\/wp-content\/uploads\/2022\/05\/51-ARTICLE-Les-masques-de-la-vie-1.pdf\">Les masques de la vie<\/a><\/h2>\n\n\n\n<p><\/p>\n\n\n\n<h3><\/h3>\n\n\n\n<h2><\/h2>\n\n\n\n<p><\/p>\n\n\n\n<p><\/p>\n\n\n\n<h2>     <\/h2>\n\n\n\n<p><\/p>\n<div class=\"sharedaddy sd-sharing-enabled\"><div class=\"robots-nocontent sd-block sd-social sd-social-icon-text sd-sharing\"><h3 class=\"sd-title\">Partager\u00a0:<\/h3><div class=\"sd-content\"><ul><li class=\"share-facebook\"><a rel=\"nofollow noopener noreferrer\" data-shared=\"sharing-facebook-4299\" class=\"share-facebook sd-button share-icon\" href=\"https:\/\/jeanpaulsimard.com\/index.php\/florilege\/?share=facebook\" target=\"_blank\" title=\"Cliquez pour partager sur Facebook\"><span>Facebook<\/span><\/a><\/li><li class=\"share-twitter\"><a rel=\"nofollow noopener noreferrer\" data-shared=\"sharing-twitter-4299\" class=\"share-twitter sd-button share-icon\" href=\"https:\/\/jeanpaulsimard.com\/index.php\/florilege\/?share=twitter\" target=\"_blank\" title=\"Cliquez pour partager sur Twitter\"><span>Twitter<\/span><\/a><\/li><li class=\"share-linkedin\"><a rel=\"nofollow noopener noreferrer\" data-shared=\"sharing-linkedin-4299\" class=\"share-linkedin sd-button share-icon\" href=\"https:\/\/jeanpaulsimard.com\/index.php\/florilege\/?share=linkedin\" target=\"_blank\" title=\"Cliquez pour partager sur LinkedIn\"><span>LinkedIn<\/span><\/a><\/li><li class=\"share-pinterest\"><a rel=\"nofollow noopener noreferrer\" data-shared=\"sharing-pinterest-4299\" class=\"share-pinterest sd-button share-icon\" href=\"https:\/\/jeanpaulsimard.com\/index.php\/florilege\/?share=pinterest\" target=\"_blank\" title=\"Cliquez pour partager sur Pinterest\"><span>Pinterest<\/span><\/a><\/li><li class=\"share-email\"><a rel=\"nofollow noopener noreferrer\" data-shared=\"\" class=\"share-email sd-button share-icon\" href=\"https:\/\/jeanpaulsimard.com\/index.php\/florilege\/?share=email\" target=\"_blank\" title=\"Cliquez pour envoyer par e-mail \u00e0 un ami\"><span>E-mail<\/span><\/a><\/li><li class=\"share-print\"><a rel=\"nofollow noopener noreferrer\" data-shared=\"\" class=\"share-print sd-button share-icon\" href=\"https:\/\/jeanpaulsimard.com\/index.php\/florilege\/\" target=\"_blank\" title=\"Cliquer pour imprimer\"><span>Imprimer<\/span><\/a><\/li><li class=\"share-end\"><\/li><\/ul><\/div><\/div><\/div>","protected":false},"excerpt":{"rendered":"<p>BOUILLON DE POULET POUR L&rsquo;\u00c2ME Les deux mantras de ma vie Habiter le pr\u00e9sent En haut les coeurs ! Le repos dans l&rsquo;amour divin Je veux vivre ! Ma pri\u00e8re pour l\u00e2cher prise Les masques de la vie<\/p>\n<div class=\"sharedaddy sd-sharing-enabled\"><div class=\"robots-nocontent sd-block sd-social sd-social-icon-text sd-sharing\"><h3 class=\"sd-title\">Partager\u00a0:<\/h3><div class=\"sd-content\"><ul><li class=\"share-facebook\"><a rel=\"nofollow noopener noreferrer\" data-shared=\"sharing-facebook-4299\" class=\"share-facebook sd-button share-icon\" href=\"https:\/\/jeanpaulsimard.com\/index.php\/florilege\/?share=facebook\" target=\"_blank\" title=\"Cliquez pour partager sur Facebook\"><span>Facebook<\/span><\/a><\/li><li class=\"share-twitter\"><a rel=\"nofollow noopener noreferrer\" data-shared=\"sharing-twitter-4299\" class=\"share-twitter sd-button share-icon\" href=\"https:\/\/jeanpaulsimard.com\/index.php\/florilege\/?share=twitter\" target=\"_blank\" title=\"Cliquez pour partager sur Twitter\"><span>Twitter<\/span><\/a><\/li><li class=\"share-linkedin\"><a rel=\"nofollow noopener noreferrer\" data-shared=\"sharing-linkedin-4299\" class=\"share-linkedin sd-button share-icon\" href=\"https:\/\/jeanpaulsimard.com\/index.php\/florilege\/?share=linkedin\" target=\"_blank\" title=\"Cliquez pour partager sur LinkedIn\"><span>LinkedIn<\/span><\/a><\/li><li class=\"share-pinterest\"><a rel=\"nofollow noopener noreferrer\" data-shared=\"sharing-pinterest-4299\" class=\"share-pinterest sd-button share-icon\" href=\"https:\/\/jeanpaulsimard.com\/index.php\/florilege\/?share=pinterest\" target=\"_blank\" title=\"Cliquez pour partager sur Pinterest\"><span>Pinterest<\/span><\/a><\/li><li class=\"share-email\"><a rel=\"nofollow noopener noreferrer\" data-shared=\"\" class=\"share-email sd-button share-icon\" href=\"https:\/\/jeanpaulsimard.com\/index.php\/florilege\/?share=email\" target=\"_blank\" title=\"Cliquez pour envoyer par e-mail \u00e0 un ami\"><span>E-mail<\/span><\/a><\/li><li class=\"share-print\"><a rel=\"nofollow noopener noreferrer\" data-shared=\"\" class=\"share-print sd-button share-icon\" href=\"https:\/\/jeanpaulsimard.com\/index.php\/florilege\/\" target=\"_blank\" title=\"Cliquer pour imprimer\"><span>Imprimer<\/span><\/a><\/li><li class=\"share-end\"><\/li><\/ul><\/div><\/div><\/div>","protected":false},"author":2,"featured_media":0,"parent":0,"menu_order":0,"comment_status":"closed","ping_status":"closed","template":"","meta":{"spay_email":""},"jetpack_sharing_enabled":true,"jetpack_shortlink":"https:\/\/wp.me\/P6sIY6-17l","jetpack-related-posts":[{"id":3824,"url":"https:\/\/jeanpaulsimard.com\/index.php\/politique-de-confidentialite\/","url_meta":{"origin":4299,"position":0},"title":"Politique de confidentialit\u00e9","date":"5 f\u00e9vrier 2019","format":false,"excerpt":"Qui sommes-nous\u00a0? L\u2019adresse de notre site Web est\u00a0: http:\/\/jeanpaulsimard.com. Utilisation des donn\u00e9es personnelles collect\u00e9es Commentaires Quand vous laissez un commentaire sur notre site web, les donn\u00e9es inscrites dans le formulaire de commentaire, mais aussi votre adresse IP et l\u2019agent utilisateur de votre navigateur sont collect\u00e9s pour nous aider \u00e0 la\u2026","rel":"","context":"Article similaire","img":{"alt_text":"","src":"","width":0,"height":0},"classes":[]},{"id":93,"url":"https:\/\/jeanpaulsimard.com\/index.php\/sample-page\/la-concentration-creatrice\/","url_meta":{"origin":4299,"position":1},"title":"La concentration cr\u00e9atrice","date":"11 juillet 2015","format":false,"excerpt":"Un ouvrage de RESSOURCEMENT. Un RETOUR AUX SOURCES \u00a0La psychologie moderne a confirm\u00e9 les possibilit\u00e9s presque sans limites de l'esprit et du corps lorsque toutes leurs forces se concentrent en un seul point : soi-m\u00eame, un sentiment, une id\u00e9e, un id\u00e9al. Les sages orientaux ont pour leur part fait de\u2026","rel":"","context":"Article similaire","img":{"alt_text":"","src":"","width":0,"height":0},"classes":[]},{"id":53,"url":"https:\/\/jeanpaulsimard.com\/index.php\/sample-page\/guerir-par-la-foi-lamour-la-priere\/","url_meta":{"origin":4299,"position":2},"title":"Gu\u00e9rir par la foi, l'amour, la pri\u00e8re","date":"11 juillet 2015","format":false,"excerpt":"QUELLES SONT LES VALEURS SPIRITUELLES QUI GU\u00c9RISSENT ? UN OUVRAGE SUR L'AGAP\u00c8TH\u00c9RAPIE, M\u00c9DECINE DE L'\u00c2ME ET DU C\u0152UR IL EXISTE UN R\u00c9EL POUVOIR DE GU\u00c9RISON dans le spirituel. Plusieurs exp\u00e9rimentent que la foi en l'amour divin permet d'att\u00e9nuer les peines, de soigner les blessures, de trouver la paix int\u00e9rieure. Ils\u2026","rel":"","context":"Article similaire","img":{"alt_text":"","src":"https:\/\/i2.wp.com\/jeanpaulsimard.com\/wp\/wp-content\/uploads\/2015\/07\/Gu\u00c3\u00a9rir-200x300.jpg?resize=350%2C200","width":350,"height":200},"classes":[]},{"id":89,"url":"https:\/\/jeanpaulsimard.com\/index.php\/sample-page\/ephata-la-spiritualite-du-coeur\/","url_meta":{"origin":4299,"position":3},"title":"EPHATA - La spiritualit\u00e9 du coeur","date":"11 juillet 2015","format":false,"excerpt":"LA SPIRITUALIT\u00c9 DE L'AVENIR SERA-T-ELLE CELLE DU C\u0152UR ? LONGTEMPS LE\u00a0C\u0152UR\u00a0 a \u00e9t\u00e9 n\u00e9glig\u00e9 en spiritualit\u00e9. En anthropologie, le c\u0153ur, c'est la profondeur, le centre. En\u00a0th\u00e9ologie patristique, le c\u0153ur, c'est le lieu de l'int\u00e9riorit\u00e9 et de l'exp\u00e9rience spirituelle et religieuse. C'est le \u00ab lieu de Dieu \u00bb, l'instance qui rend\u2026","rel":"","context":"Article similaire","img":{"alt_text":"","src":"https:\/\/i0.wp.com\/jeanpaulsimard.com\/wp\/wp-content\/uploads\/2015\/07\/Ephata-200x300.jpg?resize=350%2C200","width":350,"height":200},"classes":[]},{"id":50,"url":"https:\/\/jeanpaulsimard.com\/index.php\/sample-page\/renaitre-des-pertes-de-la-vie\/","url_meta":{"origin":4299,"position":4},"title":"Rena\u00eetre des pertes de la vie","date":"11 juillet 2015","format":false,"excerpt":"UN LIVRE QUI CHANGERA VOTRE VIE... ! CE LIVRE n'est pas uniquement destin\u00e9 aux personnes concern\u00e9es par un deuil, mais bien davantage \u00e0 celles qui connaissent des \u00e9preuves de toutes sortes dans la vie\u2026 TOUTE PERSONNE conna\u00eet un jour la souffrance, les deuils, l\u2019\u00e9chec, le malheur. Pourtant, chaque perte ou\u2026","rel":"","context":"Article similaire","img":{"alt_text":"","src":"","width":0,"height":0},"classes":[]},{"id":95,"url":"https:\/\/jeanpaulsimard.com\/index.php\/sample-page\/guide-du-savoir-ecrire\/","url_meta":{"origin":4299,"position":5},"title":"Guide du savoir-\u00e9crire","date":"11 juillet 2015","format":false,"excerpt":"Guide du savoir-\u00e9crire Un ouvrage COMPLET et AUTODIDACTIQUE sur l\u2019art d\u2019\u00e9crire comprenant de nombreux EXEMPLES, EXERCICES et CORRIG\u00c9S. Utilis\u00e9 par toutes les INSTITUTIONS (\u00e9coles secondaires, c\u00e9geps, universit\u00e9s). Tr\u00e8s utile pour la maison\u2026 \u00a0 \u00a0FICHE TECHNIQUE DU LIVRE : http:\/\/www.editions-homme.com\/guide-savoir-ecrire\/jean-paul-simard\/livre\/9782761920667 R\u00e9sum\u00e9 de la carri\u00e8re de l\u2019auteur JEAN-PAUL SIMARD a termin\u00e9 une\u2026","rel":"","context":"Article similaire","img":{"alt_text":"","src":"","width":0,"height":0},"classes":[]}],"_links":{"self":[{"href":"https:\/\/jeanpaulsimard.com\/index.php\/wp-json\/wp\/v2\/pages\/4299"}],"collection":[{"href":"https:\/\/jeanpaulsimard.com\/index.php\/wp-json\/wp\/v2\/pages"}],"about":[{"href":"https:\/\/jeanpaulsimard.com\/index.php\/wp-json\/wp\/v2\/types\/page"}],"author":[{"embeddable":true,"href":"https:\/\/jeanpaulsimard.com\/index.php\/wp-json\/wp\/v2\/users\/2"}],"replies":[{"embeddable":true,"href":"https:\/\/jeanpaulsimard.com\/index.php\/wp-json\/wp\/v2\/comments?post=4299"}],"version-history":[{"count":32,"href":"https:\/\/jeanpaulsimard.com\/index.php\/wp-json\/wp\/v2\/pages\/4299\/revisions"}],"predecessor-version":[{"id":4411,"href":"https:\/\/jeanpaulsimard.com\/index.php\/wp-json\/wp\/v2\/pages\/4299\/revisions\/4411"}],"wp:attachment":[{"href":"https:\/\/jeanpaulsimard.com\/index.php\/wp-json\/wp\/v2\/media?parent=4299"}],"curies":[{"name":"wp","href":"https:\/\/api.w.org\/{rel}","templated":true}]}}